2?
100100101001010000
-10011212222 (base 3) to base 15
-13842
What is 10001110111111010 (base 2) in base 12?
3644a
Convert 315401 (base 8) to base 12.
50a81
Convert 1838191 (base 11) to base 4.
23320130021
-241230 (base 9) to base 8
-433554
Convert -161244 (base 9) to base 12.
-495aa
-2fa85 (base 16) to base 12
-94b71
11447b (base 12) to base 14
73007
-a4b9d5 (base 14) to base 5
-2411022124
What is 5236061 (base 7) in base 8?
2320573
Convert -28a4a (base 13) to base 8.
-225242
What is a162d (base 15) in base 5?
112323033
1021210220 (base 4) to base 10
301352
676774 (base 9) to base 15
80104
What is -171235 (base 12) in base 7?
-3236432
-117940 (base 15) to base 14
-17a7b8
What is 10021420 (base 5) in base 14?
21026
What is 2941312 (base 11) in base 7?
60643230
-2011a85 (base 12) to base 10
-5995973
Convert -b6c34 (base 14) to base 9.
-742476
Convert 598ea (base 15) to base 11.
185574
Convert -1200873 (base 13) to base 14.
-a50293
3709057 (base 11) to base 12
21b3001
What is -34836 (base 11) in base 4?
-30101032
-10001101001100011001100 (base 2) to base 10
-4626636
10014512 (base 6) to base 11
1830a2
20a741 (base 14) to base 7
12250111
What is -1001101000000001011010 (base 2) in base 11?
-1473812
-286492 (base 10) to base 6
-10050204
5ab29 (base 14) to base 15
45a5d
What is -389982 (base 13) in base 5?
-322120032
Convert 1221120003 (base 4) to base 3.
210221001220
What is -6384c (base 15) in base 11?
-1a6253
What is 641c3 (base 13) in base 6?
3511322
100678e (base 16) to base 12
5764466
4140333 (base 5) to base 13
25087
22203222332 (base 4) to base 7
32344442
What is 101222010 (base 4) in base 5?
4303244
44426121 (base 8) to base 9
20020661
-210738 (base 10) to base 5
-23220423
What is 1135332400 (base 6) in base 11?
7292606
Convert -20457242 (base 8) to base 15.
-5adb87
19093 (base 15) to base 16
13cf2
Convert 312002033 (base 4) to base 9.
366538
Convert -120fe (base 16) to base 15.
-16dc2
What is -244b00 (base 16) in base 7?
-26134251
What is -13407226 (base 8) in base 9?
-5610406
Convert 38887 (base 13) to base 12.
5072a
Convert -10ceb (base 15) to base 4.
-31010222
What is -101001011010100010 (base 2) in base 5?
-20412014
What is 32200563 (base 7) in base 10?
2739831
Convert -53545323 (base 8) to base 5.
-10413031222
-300205 (base 10) to base 2
-1001001010010101101
30b57 (base 15) to base 3
21211211201
Convert 8615891 (base 10) to base 6.
504400215
Convert -51e4b4 (base 16) to base 12.
-1969a70
-14c56 (base 14) to base 15
-1054a
What is -206320404 (base 7) in base 2?
-101110111000101101100111
What is -91793 (base 11) in base 12?
-656a9
1321121013 (base 4) to base 2
1111001011001000111
What is 100231000120 (base 4) in base 15?
5b759d
What is 21220201202020 (base 3) in base 4?
100003010130
What is -401d1 (base 16) in base 9?
-440207
-658993 (base 16) to base 13
-14bcab6
What is -23301 (base 5) in base 15?
-786
Convert -243322242 (base 5) to base 3.
-2011111122211
Convert 95c049 (base 13) to base 6.
203130003
What is -2a54b (base 15) in base 13?
-49cb8
Convert -10000000011110001000010 (base 2) to base 12.
-14b022a
-123151 (base 7) to base 3
-1011011121
What is 20121111010110 (base 3) in base 10?
3513144
2021222201021 (base 3) to base 15
1917c7
What is 6707282 (base 9) in base 8?
15605440
1233597 (base 13) to base 15
76cc43
Convert 13b0d6d (base 14) to base 11.
5445830
What is -1612765 (base 8) in base 15?
-928d3
What is 58865 (base 9) in base 16?
99b0
-441aa00 (base 12) to base 4
-301200220200
-1301042552 (base 6) to base 2
-111001110111011000000100
What is -1306424 (base 8) in base 14?
-96816
What is 66651421 (base 7) in base 15?
78bc6d
442002324 (base 5) to base 14
378b6d
27c09 (base 14) to base 8
300141
-1011011011010100001 (base 2) to base 9
-630556
a7cd30 (base 15) to base 8
36370453
What is 716304 (base 8) in base 7?
2004130
What is 1a5a3a (base 12) in base 14?
c1d26
What is -5a730 (base 12) in base 4?
-131302110
What is 1402696 (base 10) in base 13?
3a15c9
What is 10011122202222 (base 3) in base 12?
693852
7de3d (base 15) to base 11
254692
What is 22364065 (base 7) in base 8?
7335726
What is -113120013 (base 6) in base 13?
-58b47a
350001103 (base 6) to base 4
120203331333
What is fdfaa (base 16) in base 2?
11111101111110101010
Convert 22ad87 (base 14) to base 3.
2020002012112
What is -3152043 (base 6) in base 2?
-100101110000111011
Convert 1aa30a (base 11) to base 16.
4e678
10011010110000000010 (base 2) to base 9
1165436
What is 34f2f (base 16) in base 10?
216879
What is -102010220021 (base 3) in base 5?
-24004410
Convert -a9164 (base 16) to base 9.
-1265033
Convert -122202000212111 (base 3) to base 4.
-203331330313
What is 1021100003 (base 4) in base 13?
a6748
102021100201020 (base 3) to base 7
101630430
12211210210012 (base 3) to base 6
150324052
Convert a0c15 (base 15) to base 9.
855152
Convert 535022 (base 7) to base 9.
151468
-16401656 (base 8) to base 9
-7134357
187902 (base 13) to base 6
21115003
Convert 527764 (base 9) to base 6.
10422051
-2102120100002 (base 3) to base 11
-8016a0
42361123 (base 8) to base 2
100010011110001001010011
-25a5a (base 14) to base 2
-10110100110110000
Convert 59485 (base 11) to base 16.
14f01
What is 2922207 (base 11) in base 12?
1823a32
What is -4076477 (base 8) in base 14?
-201b67
What is 100110000000111110101 (base 2) in base 13?
347cbc
Convert -40103105 (base 7) to base 2.
-1100101000100110111110
What is 264314 (base 7) in base 10?
49550
Convert -65e24 (base 16) to base 5.
-101323231
What is 81205 (base 12) in base 8?
507745
Convert 41ca (base 13) to base 6.
110123
What is 54156537 (base 8) in base 3?
210210212212120
What is 486501 (base 11) in base 4?
2323332010
What is 26634164 (base 8) in base 15?
7d14d8
What is 5500348 (base 9) in base 7?
34045364
What is 10051251 (base 7) in base 13?
2336b8
-411144010 (base 6) to base 3
-111021121222020
Convert -2583434 (base 9) to base 16.
-159025
-10444221 (base 5) to base 16
-16df6
What is -1110011101101111001011 (base 2) in base 9?
-7118352
What is -213043310 (base 6) in base 15?
-4eb78c
Convert 9c8c (base 14) to base 11.
19462
Convert -1112442 (base 6) to base 7.
-323141
What is 23302223 (base 5) in base 4?
303331031
What is -20412422 (base 5) in base 6?
-3345453
64334 (base 11) to base 14
26158
What is 1bbc18 (base 13) in base 8?
2556000
Convert -4641251 (base 7) to base 15.
-b747e
Convert 111001101111100110 (base 2) to base 7.
2003362
-852f (base 16) to base 2
-1000010100101111
Convert -255259 (base 12) to base 7.
-5121264
-2774612 (base 8) to base 7
-6445661
396616 (base 13) to base 6
45404411
43c5ba (base 15) to base 3
20002011100011
34a3 (base 16) to base 4
3102203
-861525 (base 10) to base 14
-185d77
What is c8b9a6 (base 15) in base 5?
4421304211
Convert 6707 (base 14) to base 11.
12451
Convert -336236 (base 7) to base 6.
-1140515
What is 63580 (base 12) in base 4?
133311300
Convert -1155453 (base 7) to base 3.
-21112120200
What is -1001100011010110001 (base 2) in base 6?
-10413041
What is 18914 (base 16) in base 2?
11000100100010100
What is 411234 (base 11) in base 5?
132113310
What is 10032203 (base 6) in base 9?
473023
What is -11202111121 (base 3) in base 4?
-112313233
11112110120 (base 3) to base 5
10324102
Convert -11140323010 (base 5) to base 10.
-12432880
-103404424 (base 5) to base 13
-12a148
Convert -32412040 (base 6) to base 4.
-3223311120
What is 4051a6 (base 13) in base 4?
11231112032
Convert 120b4 (base 16) to base 9.
122340
-1001004142 (base 5) to base 2
-111100000110010010001
Convert 110100011000110 (base 2) to base 4.
12203012
What is 96a68 (base 13) in base 14?
711b1
What is -1001110100001110 (base 2) in base 14?
-1091c
What is 9a9741 (base 14) in base 12?
1912725
Convert -22662137 (base 8) to base 4.
-102312101133
What is 465b4 (base 13) in base 5?
13102133
39c52 (base 14) to base 5
14023433
Convert 2213113012 (base 4) to base 12.
29085a
What is -1122220200021 (base 3) in base 6?
-30540441
What is 96b08 (base 13) in base 14?
71238
Convert 3646367 (base 8) to base 4.
3310303313
Convert -c52da3 (base 15) to base 2.
-100011110000111011011101
55144155 (base 6) to base 8
6220407
What is -12ae06 (base 15) in base 10?
-897531
Convert 1633524 (base 7) to base 13.
7c416
Convert -1103131011 (base 5) to base 14.
-465136
1010213232 (base